7
List the prime factors of 192765.
3, 5, 71, 181
List the prime factors of 108362.
2, 54181
List the prime factors of 6208307.
7, 19, 46679
List the prime factors of 730474.
2, 19, 47, 409
What are the prime factors of 1210604?
2, 17, 19, 937
List the prime factors of 551064.
2, 3, 22961
List the prime factors of 14409058.
2, 37, 194717
What are the prime factors of 341502?
2, 3, 7, 47, 173
List the prime factors of 172242.
2, 3, 7, 1367
List the prime factors of 4174197.
3, 17, 81847
List the prime factors of 5953339.
7, 457, 1861
What are the prime factors of 131934?
2, 3, 11, 1999
What are the prime factors of 447890?
2, 5, 44789
What are the prime factors of 3187230?
2, 3, 5, 131, 811
What are the prime factors of 764483?
79, 9677
List the prime factors of 107690.
2, 5, 11, 89
What are the prime factors of 759436?
2, 189859
List the prime factors of 578788.
2, 7, 2953
List the prime factors of 113571.
3, 12619
What are the prime factors of 612929?
612929
What are the prime factors of 160770?
2, 3, 5, 23, 233
List the prime factors of 837132.
2, 3, 69761
What are the prime factors of 664507?
664507
List the prime factors of 999446.
2, 7, 71389
List the prime factors of 5292814.
2, 17, 155671
List the prime factors of 15989295.
3, 5, 7, 29, 59, 89
What are the prime factors of 26869228?
2, 6717307
What are the prime factors of 5109064?
2, 638633
What are the prime factors of 3781748?
2, 67, 103, 137
List the prime factors of 2617928.
2, 229, 1429
List the prime factors of 17561608.
2, 2195201
What are the prime factors of 734308?
2, 183577
What are the prime factors of 4290876?
2, 3, 119191
List the prime factors of 464967.
3, 17, 1013
What are the prime factors of 11973558?
2, 3, 41, 48673
List the prime factors of 11749.
31, 379
What are the prime factors of 7969198?
2, 3984599
List the prime factors of 55313.
55313
List the prime factors of 22818987.
3, 2535443
List the prime factors of 558671.
17, 59, 557
List the prime factors of 96755.
5, 37, 523
What are the prime factors of 6309419?
1901, 3319
What are the prime factors of 1858622?
2, 929311
What are the prime factors of 98438?
2, 83, 593
What are the prime factors of 726507?
3, 89, 907
List the prime factors of 2714732.
2, 31, 21893
List the prime factors of 194107.
73, 2659
List the prime factors of 17704052.
2, 97, 103, 443
What are the prime factors of 5253435?
3, 5, 11, 10613
List the prime factors of 292394.
2, 146197
List the prime factors of 8074307.
317, 25471
What are the prime factors of 865280?
2, 5, 13
What are the prime factors of 13152239?
13152239
List the prime factors of 497850.
2, 3, 5, 3319
List the prime factors of 369360.
2, 3, 5, 19
What are the prime factors of 3349905?
3, 5, 13, 41, 419
What are the prime factors of 9140562?
2, 3, 507809
What are the prime factors of 1117848?
2, 3, 47, 991
List the prime factors of 1768834.
2, 884417
What are the prime factors of 1866554?
2, 53, 17609
What are the prime factors of 2177753?
2177753
List the prime factors of 29157512.
2, 61, 149, 401
What are the prime factors of 6032598?
2, 3, 11, 13, 79, 89
What are the prime factors of 45185?
5, 7, 1291
What are the prime factors of 5662756?
2, 11, 41, 43, 73
List the prime factors of 786956.
2, 196739
What are the prime factors of 2154392?
2, 197, 1367
What are the prime factors of 12903131?
89, 113, 1283
List the prime factors of 46538.
2, 23269
List the prime factors of 6319123.
1361, 4643
What are the prime factors of 277798?
2, 138899
List the prime factors of 22877286.
2, 3, 967, 3943
List the prime factors of 2177772.
2, 3, 347, 523
What are the prime factors of 1727618?
2, 73, 11833
What are the prime factors of 3520407?
3, 11, 107, 997
List the prime factors of 6489778.
2, 3244889
What are the prime factors of 18427328?
2, 83, 3469
List the prime factors of 11295429.
3, 17, 241, 919
List the prime factors of 2514810.
2, 3, 5, 17, 4931
What are the prime factors of 4289506?
2, 13, 29, 5689
What are the prime factors of 2008232?
2, 373, 673
What are the prime factors of 3635840?
2, 5, 13, 19, 23
What are the prime factors of 293004?
2, 3, 2713
What are the prime factors of 1995047?
383, 5209
List the prime factors of 1208747.
67, 18041
List the prime factors of 3042197.
151, 20147
What are the prime factors of 241855?
5, 48371
List the prime factors of 7274638.
2, 7, 74231
List the prime factors of 163259.
163259
What are the prime factors of 227862?
2, 3, 12659
List the prime factors of 985822.
2, 492911
What are the prime factors of 202508?
2, 50627
What are the prime factors of 30019?
11, 2729
What are the prime factors of 558192?
2, 3, 29, 401
What are the prime factors of 489619?
13, 37663
What are the prime factors of 2917238?
2, 1458619
What are the prime factors of 24118?
2, 31, 389
List the prime factors of 77432.
2, 9679
List the prime factors of 274851.
3, 30539
List the prime factors of 30119441.
11, 59, 4219
List the prime factors of 149248.
2, 11, 53
List the prime factors of 816280.
2, 5, 20407
List the prime factors of 15525735.
3, 5, 379, 2731
What are the prime factors of 1272377?
1272377
What are the prime factors of 554877?
3, 20551
List the prime factors of 17062473.
3, 5687491
List the prime factors of 2032355.
5, 13, 31267
What are the prime factors of 198759?
3, 11, 19, 317
List the prime factors of 1655885.
5, 7, 11, 17, 23
What are the prime factors of 647124?
2, 3, 53927
List the prime factors of 19157635.
5, 7, 547361
What are the prime factors of 7334519?
101, 719
What are the prime factors of 1470387?
3, 29, 16901
List the prime factors of 21774321.
3, 41, 59009
What are the prime factors of 53749?
59, 911
What are the prime factors of 2451811?
2451811
What are the prime factors of 99724?
2, 107, 233
What are the prime factors of 290685?
3, 5, 19379
What are the prime factors of 7131121?
37, 5209
What are the prime factors of 2630522?
2, 397, 3313
List the prime factors of 144998.
2, 7, 10357
List the prime factors of 594900.
2, 3, 5, 661
What are the prime factors of 1733224?
2, 216653
What are the prime factors of 6841044?
2, 3, 7, 9049
What are the prime factors of 4040993?
11, 113, 3251
What are the prime factors of 7122342?
2, 3, 29, 40933
List the prime factors of 3368426.
2, 547, 3079
What are the prime factors of 1293127?
11, 10687
What are the prime factors of 1636962?
2, 3, 109, 2503
List the prime factors of 149571.
3, 16619
What are the prime factors of 150606?
2, 3, 2789
List the prime factors of 2186109.
3, 137, 197
What are the prime factors of 12651931?
197, 64223
What are the prime factors of 31858640?
2, 5, 11, 41, 883
List the prime factors of 4736920.
2, 5, 118423
What are the prime factors of 928225?
5, 107, 347
What are the prime factors of 2788578?
2, 3, 13, 17, 701
What are the prime factors of 150750?
2, 3, 5, 67
List the prime factors of 6878342.
2, 19, 31, 5839
What are the prime factors of 731664?
2, 3, 5081
What are the prime factors of 1733097?
3, 89, 6491
What are the prime factors of 7274528?
2, 281, 809
What are the prime factors of 282583?
7, 73, 79
List the prime factors of 47990.
2, 5, 4799
List the prime factors of 304726.
2, 152363
What are the prime factors of 951049?
11, 31, 2789
List the prime factors of 275354.
2, 37, 61
List the prime factors of 39490.
2, 5, 11, 359
What are the prime factors of 11323605?
3, 5, 754907
List the prime factors of 4343065.
5, 868613
What are the prime factors of 1375347?
3, 458449
What are the prime factors of 8667503?
13, 51287
List the prime factors of 401751.
3, 7, 911
List the prime factors of 7541613.
3, 19, 61, 241
List the prime factors of 99232.
2, 7, 443
What are the prime factors of 668774?
2, 334387
List the prime factors of 633045.
3, 5, 7, 6029
List the prime factors of 11874773.
1063, 11171
List the prime factors of 7810068.
2, 3, 7, 109, 853
List the prime factors of 237568.
2, 29
What are the prime factors of 1767959?
1767959
List the prime factors of 7279136.
2, 227473
List the prime factors of 5162633.
7, 73, 10103
What are the prime factors of 709208?
2, 88651
What are the prime factors of 28766810?
2, 5, 53, 54277
List the prime factors of 22638933.
3, 277, 1009
List the prime factors of 17906543.
29, 617467
What are the prime factors of 408